{"id":1001,"date":"2019-12-20T11:34:44","date_gmt":"2019-12-20T09:34:44","guid":{"rendered":"http:\/\/www.csav.be\/?page_id=1001"},"modified":"2026-01-21T13:54:30","modified_gmt":"2026-01-21T11:54:30","slug":"bredenne","status":"publish","type":"page","link":"http:\/\/www.csav.be\/?page_id=1001","title":{"rendered":"Bredene"},"content":{"rendered":"<p>Il y a&#8230; le ciel<a href=\"http:\/\/www.csav.be\/?attachment_id=1460\" rel=\"attachment wp-att-905\"><img decoding=\"async\" loading=\"lazy\" class=\"wp-image-1460 size-medium alignright\" src=\"http:\/\/www.csav.be\/wp-content\/uploads\/2025\/01\/474759421_1130077802195206_187703621709411697_n-300x225.jpg\" alt=\"\" width=\"300\" height=\"225\" srcset=\"http:\/\/www.csav.be\/wp-content\/uploads\/2025\/01\/474759421_1130077802195206_187703621709411697_n-300x225.jpg 300w, http:\/\/www.csav.be\/wp-content\/uploads\/2025\/01\/474759421_1130077802195206_187703621709411697_n-1024x768.jpg 1024w, http:\/\/www.csav.be\/wp-content\/uploads\/2025\/01\/474759421_1130077802195206_187703621709411697_n-768x576.jpg 768w, http:\/\/www.csav.be\/wp-content\/uploads\/2025\/01\/474759421_1130077802195206_187703621709411697_n-1536x1152.jpg 1536w, http:\/\/www.csav.be\/wp-content\/uploads\/2025\/01\/474759421_1130077802195206_187703621709411697_n.jpg 2040w\" sizes=\"(max-width: 300px) 100vw, 300px\" \/><\/a><\/p>\n<p style=\"padding-left: 60px;\">le soleil&#8230;<\/p>\n<p style=\"padding-left: 90px;\">et la mer&#8230;<\/p>\n<p>Red\u00e9cor\u00e9e du rez au grenier, notre maison de Bredene peut \u00eatre lou\u00e9e durant certaines p\u00e9riodes de l&#8217;ann\u00e9e. Elle peut accueillir une quarantaine de personnes. Situ\u00e9e&nbsp;Rosenlaan, 6 \u00e0 8450 BREDENE (<a href=\"https:\/\/www.google.com\/maps\/place\/51%C2%B014'57.5%22N+2%C2%B057'59.3%22E\/@51.248809,2.965862,14z\/data=!4m2!3m1!1s0x0:0x0?hl=fr\" target=\"_blank\" rel=\"noopener\">Plan<\/a>) elle se constitue comme suit:<\/p>\n<p>Rez-de-chauss\u00e9e:&nbsp;Un grand r\u00e9fectoire, une cuisine et une arri\u00e8re cuisine, 3 wc s\u00e9par\u00e9s, une grande salle de douches, une cour \u00e0 l&#8217;arri\u00e8re<\/p>\n<p><\/p>\n<p><img decoding=\"async\" loading=\"lazy\" class=\"wp-image-1464 alignleft\" src=\"http:\/\/www.csav.be\/wp-content\/uploads\/2025\/01\/474868424_2064976783964821_1863292671223587186_n-300x225.jpg\" alt=\"\" width=\"289\" height=\"217\" srcset=\"http:\/\/www.csav.be\/wp-content\/uploads\/2025\/01\/474868424_2064976783964821_1863292671223587186_n-300x225.jpg 300w, http:\/\/www.csav.be\/wp-content\/uploads\/2025\/01\/474868424_2064976783964821_1863292671223587186_n-1024x768.jpg 1024w, http:\/\/www.csav.be\/wp-content\/uploads\/2025\/01\/474868424_2064976783964821_1863292671223587186_n-768x576.jpg 768w, http:\/\/www.csav.be\/wp-content\/uploads\/2025\/01\/474868424_2064976783964821_1863292671223587186_n-1536x1152.jpg 1536w, http:\/\/www.csav.be\/wp-content\/uploads\/2025\/01\/474868424_2064976783964821_1863292671223587186_n.jpg 2048w\" sizes=\"(max-width: 289px) 100vw, 289px\" \/>&nbsp; &nbsp; &nbsp; &nbsp;<img decoding=\"async\" loading=\"lazy\" class=\"\" src=\"https:\/\/scontent.fbru5-1.fna.fbcdn.net\/v\/t1.15752-9\/474785744_971556311526023_1518808820466971683_n.jpg?_nc_cat=102&amp;ccb=1-7&amp;_nc_sid=9f807c&amp;_nc_ohc=hWZz8tLqa1UQ7kNvgHYOvGD&amp;_nc_zt=23&amp;_nc_ht=scontent.fbru5-1.fna&amp;oh=03_Q7cD1gGhbx7h5c2uEnSB7q_Ez8stAS3PFIHsdLRTIKiV9rA71A&amp;oe=67BF0252\" alt=\"Aucune description disponible.\" width=\"196\" height=\"262\">&nbsp; &nbsp; &nbsp; &nbsp; &nbsp; &nbsp; <img decoding=\"async\" loading=\"lazy\" class=\"\" src=\"https:\/\/scontent.fbru5-1.fna.fbcdn.net\/v\/t1.15752-9\/474653189_2572051573141361_7264692174116230009_n.jpg?_nc_cat=100&amp;ccb=1-7&amp;_nc_sid=9f807c&amp;_nc_ohc=aXliE4IrhoAQ7kNvgGJsXlv&amp;_nc_zt=23&amp;_nc_ht=scontent.fbru5-1.fna&amp;oh=03_Q7cD1gGuui8UDnYdM0uwV6BpuHVXBmrBhqcdo-xgsWjt6be5-A&amp;oe=67BF0979\" alt=\"Aucune description disponible.\" width=\"232\" height=\"174\"><\/p>\n<p><\/p>\n<p>1er \u00e9tage: deux chambres de six lits, deux chambres de deux et trois lits avec salle de bain privative (douche, wc et un \u00e9vier), un wc s\u00e9par\u00e9<\/p>\n<p><a href=\"http:\/\/www.csav.be\/?attachment_id=1468#main\"><img decoding=\"async\" loading=\"lazy\" class=\"alignnone wp-image-1468 size-medium\" src=\"http:\/\/www.csav.be\/wp-content\/uploads\/2025\/01\/474605568_1278511143369998_7156265980814609163_n-300x225.jpg\" alt=\"\" width=\"300\" height=\"225\" srcset=\"http:\/\/www.csav.be\/wp-content\/uploads\/2025\/01\/474605568_1278511143369998_7156265980814609163_n-300x225.jpg 300w, http:\/\/www.csav.be\/wp-content\/uploads\/2025\/01\/474605568_1278511143369998_7156265980814609163_n-1024x768.jpg 1024w, http:\/\/www.csav.be\/wp-content\/uploads\/2025\/01\/474605568_1278511143369998_7156265980814609163_n-768x576.jpg 768w, http:\/\/www.csav.be\/wp-content\/uploads\/2025\/01\/474605568_1278511143369998_7156265980814609163_n-1536x1152.jpg 1536w, http:\/\/www.csav.be\/wp-content\/uploads\/2025\/01\/474605568_1278511143369998_7156265980814609163_n.jpg 2048w\" sizes=\"(max-width: 300px) 100vw, 300px\" \/><\/a>&nbsp; &nbsp; &nbsp; &nbsp; &nbsp; &nbsp; &nbsp; <a href=\"https:\/\/scontent.fbru2-1.fna.fbcdn.net\/v\/t1.15752-9\/474195827_1196966562143020_7372120856256494636_n.jpg?_nc_cat=110&amp;ccb=1-7&amp;_nc_sid=9f807c&amp;_nc_ohc=GATiUkuDy6EQ7kNvgHd6ID4&amp;_nc_zt=23&amp;_nc_ht=scontent.fbru2-1.fna&amp;oh=03_Q7cD1gHkA1fmY54Dttj3OxlZy36hZXw2F42Fdg-hLXO4dzF8sw&amp;oe=67BF0CBF\"><img decoding=\"async\" loading=\"lazy\" class=\"alignnone\" src=\"https:\/\/scontent.fbru2-1.fna.fbcdn.net\/v\/t1.15752-9\/474195827_1196966562143020_7372120856256494636_n.jpg?_nc_cat=110&amp;ccb=1-7&amp;_nc_sid=9f807c&amp;_nc_ohc=GATiUkuDy6EQ7kNvgHd6ID4&amp;_nc_zt=23&amp;_nc_ht=scontent.fbru2-1.fna&amp;oh=03_Q7cD1gHkA1fmY54Dttj3OxlZy36hZXw2F42Fdg-hLXO4dzF8sw&amp;oe=67BF0CBF\" alt=\"Aucune description disponible.\" width=\"271\" height=\"204\"><\/a>&nbsp;<\/p>\n<p>2\u00e8me \u00e9tage: deux chambre de huit lits (chaque chambre poss\u00e8de un \u00e9vier)<\/p>\n<p><\/p>\n<p><a href=\"http:\/\/www.csav.be\/?attachment_id=1466\"><img decoding=\"async\" loading=\"lazy\" class=\"alignnone wp-image-1466\" src=\"http:\/\/www.csav.be\/wp-content\/uploads\/2025\/01\/474772414_1120527072871024_650047996676485544_n-300x225.jpg\" alt=\"\" width=\"362\" height=\"271\" srcset=\"http:\/\/www.csav.be\/wp-content\/uploads\/2025\/01\/474772414_1120527072871024_650047996676485544_n-300x225.jpg 300w, http:\/\/www.csav.be\/wp-content\/uploads\/2025\/01\/474772414_1120527072871024_650047996676485544_n-1024x768.jpg 1024w, http:\/\/www.csav.be\/wp-content\/uploads\/2025\/01\/474772414_1120527072871024_650047996676485544_n-768x576.jpg 768w, http:\/\/www.csav.be\/wp-content\/uploads\/2025\/01\/474772414_1120527072871024_650047996676485544_n-1536x1152.jpg 1536w, http:\/\/www.csav.be\/wp-content\/uploads\/2025\/01\/474772414_1120527072871024_650047996676485544_n.jpg 2048w\" sizes=\"(max-width: 362px) 100vw, 362px\" \/><\/a>&nbsp; &nbsp; &nbsp; &nbsp; &nbsp; <a href=\"https:\/\/scontent.xx.fbcdn.net\/v\/t1.15752-9\/474969065_642791108422811_1893306710064357640_n.jpg?stp=dst-jpg_s640x640_tt6&amp;_nc_cat=102&amp;ccb=1-7&amp;_nc_sid=0024fc&amp;_nc_ohc=LkYnbkeBcsQQ7kNvgHk46DR&amp;_nc_ad=z-m&amp;_nc_cid=0&amp;_nc_zt=23&amp;_nc_ht=scontent.xx&amp;oh=03_Q7cD1gFiuugg078rfzXKgvLJ_vjMPyRhCO8__7xWxiF7fXSx5Q&amp;oe=67BF1DE8\"><img decoding=\"async\" loading=\"lazy\" class=\"alignnone\" src=\"https:\/\/scontent.xx.fbcdn.net\/v\/t1.15752-9\/474969065_642791108422811_1893306710064357640_n.jpg?stp=dst-jpg_s640x640_tt6&amp;_nc_cat=102&amp;ccb=1-7&amp;_nc_sid=0024fc&amp;_nc_ohc=LkYnbkeBcsQQ7kNvgHk46DR&amp;_nc_ad=z-m&amp;_nc_cid=0&amp;_nc_zt=23&amp;_nc_ht=scontent.xx&amp;oh=03_Q7cD1gFiuugg078rfzXKgvLJ_vjMPyRhCO8__7xWxiF7fXSx5Q&amp;oe=67BF1DE8\" alt=\"Ouvrir la photo\" width=\"254\" height=\"338\"><\/a><\/p>\n<p><\/p>\n<h2 style=\"text-align: left;\"><span style=\"color: #ff9900;\"><strong>Infos <\/strong><\/span><span style=\"color: #ff9900;\"><strong>et r\u00e9servations:<\/strong><\/span><\/h2>\n<h4 style=\"text-align: left; padding-left: 120px;\"><em><span style=\"color: #000000;\">Jacqueline MASSART <\/span><\/em><\/h4>\n<p style=\"text-align: left; padding-left: 180px;\"><a href=\"mailto:parottejacqueline@gmail.com\" target=\"_blank\" rel=\"noopener\">parottejacqueline@gmail.com<\/a> ou au 0474\/91.55.81.<\/p>\n\n\n<iframe loading=\"lazy\" src=\"https:\/\/calendar.google.com\/calendar\/embed?height=600&#038;wkst=2&#038;ctz=Europe%2FBrussels&#038;showPrint=0&#038;showTz=0&#038;src=Y3Nhdi5iZV9vbHBzcXVmZnY1OWI1MGUyNWo1c2hndGRjOEBncm91cC5jYWxlbmRhci5nb29nbGUuY29t&#038;color=%237986cb\" style=\"border:solid 1px #777\" width=\"800\" height=\"600\" frameborder=\"0\" scrolling=\"no\"><\/iframe>\n\n\n<p><span style=\"color: #3366ff;\"><strong>Quelques liens vers des sites Internet sur Bredene :<\/strong><\/span><\/p>\n<ul>\n<li><a href=\"http:\/\/www.7sur7.be\/7s7\/fr\/weather\/forecast\/1534\/202057\/La-meteo-a-Bredene.dhtml\" target=\"_blank\" rel=\"noopener\">La m\u00e9t\u00e9o \u00e0 Bredene<\/a><\/li>\n<li><a href=\"http:\/\/www.tourismebelgique.com\/view\/Accueil\/Destinations\/Bredene\" target=\"_blank\" rel=\"noopener\">http:\/\/www.tourismebelgique.com\/view\/Accueil\/Destinations\/Bredene<\/a><\/li>\n<li><a href=\"http:\/\/www.uitinbredene.be\/\" target=\"_blank\" rel=\"noopener\">http:\/\/www.uitinbredene.be\/<\/a><\/li>\n<li><a href=\"http:\/\/www.bredene.com\/\" target=\"_blank\" rel=\"noopener\">http:\/\/www.bredene.com\/<\/a><\/li>\n<\/ul>","protected":false},"excerpt":{"rendered":"<p>Il y a&#8230; le ciel le soleil&#8230; et la mer&#8230; Red\u00e9cor\u00e9e du rez au grenier, [&hellip;]<\/p>\n","protected":false},"author":4,"featured_media":0,"parent":0,"menu_order":0,"comment_status":"closed","ping_status":"closed","template":"","meta":[],"_links":{"self":[{"href":"http:\/\/www.csav.be\/index.php?rest_route=\/wp\/v2\/pages\/1001"}],"collection":[{"href":"http:\/\/www.csav.be\/index.php?rest_route=\/wp\/v2\/pages"}],"about":[{"href":"http:\/\/www.csav.be\/index.php?rest_route=\/wp\/v2\/types\/page"}],"author":[{"embeddable":true,"href":"http:\/\/www.csav.be\/index.php?rest_route=\/wp\/v2\/users\/4"}],"replies":[{"embeddable":true,"href":"http:\/\/www.csav.be\/index.php?rest_route=%2Fwp%2Fv2%2Fcomments&post=1001"}],"version-history":[{"count":21,"href":"http:\/\/www.csav.be\/index.php?rest_route=\/wp\/v2\/pages\/1001\/revisions"}],"predecessor-version":[{"id":1506,"href":"http:\/\/www.csav.be\/index.php?rest_route=\/wp\/v2\/pages\/1001\/revisions\/1506"}],"wp:attachment":[{"href":"http:\/\/www.csav.be\/index.php?rest_route=%2Fwp%2Fv2%2Fmedia&parent=1001"}],"curies":[{"name":"wp","href":"https:\/\/api.w.org\/{rel}","templated":true}]}}

<p>Il y a&#8230; le ciel<a href="http://www.csav.be/?attachment_id=1460" rel="attachment wp-att-905"><img decoding="async" loading="lazy" class="wp-image-1460 size-medium alignright" src="http://www.csav.be/wp-content/uploads/2025/01/474759421_1130077802195206_187703621709411697_n-300x225.jpg" alt="" width="300" height="225" srcset="http://www.csav.be/wp-content/uploads/2025/01/474759421_1130077802195206_187703621709411697_n-300x225.jpg 300w, http://www.csav.be/wp-content/uploads/2025/01/474759421_1130077802195206_187703621709411697_n-1024x768.jpg 1024w, http://www.csav.be/wp-content/uploads/2025/01/474759421_1130077802195206_187703621709411697_n-768x576.jpg 768w, http://www.csav.be/wp-content/uploads/2025/01/474759421_1130077802195206_187703621709411697_n-1536x1152.jpg 1536w, http://www.csav.be/wp-content/uploads/2025/01/474759421_1130077802195206_187703621709411697_n.jpg 2040w" sizes="(max-width: 300px) 100vw, 300px" /></a></p>
<p style="padding-left: 60px;">le soleil&#8230;</p>
<p style="padding-left: 90px;">et la mer&#8230;</p>
<p>Redécorée du rez au grenier, notre maison de Bredene peut être louée durant certaines périodes de l&#8217;année. Elle peut accueillir une quarantaine de personnes. Située&nbsp;Rosenlaan, 6 à 8450 BREDENE (<a href="https://www.google.com/maps/place/51%C2%B014'57.5%22N+2%C2%B057'59.3%22E/@51.248809,2.965862,14z/data=!4m2!3m1!1s0x0:0x0?hl=fr" target="_blank" rel="noopener">Plan</a>) elle se constitue comme suit:</p>
<p>Rez-de-chaussée:&nbsp;Un grand réfectoire, une cuisine et une arrière cuisine, 3 wc séparés, une grande salle de douches, une cour à l&#8217;arrière</p>
<p></p>
<p><img decoding="async" loading="lazy" class="wp-image-1464 alignleft" src="http://www.csav.be/wp-content/uploads/2025/01/474868424_2064976783964821_1863292671223587186_n-300x225.jpg" alt="" width="289" height="217" srcset="http://www.csav.be/wp-content/uploads/2025/01/474868424_2064976783964821_1863292671223587186_n-300x225.jpg 300w, http://www.csav.be/wp-content/uploads/2025/01/474868424_2064976783964821_1863292671223587186_n-1024x768.jpg 1024w, http://www.csav.be/wp-content/uploads/2025/01/474868424_2064976783964821_1863292671223587186_n-768x576.jpg 768w, http://www.csav.be/wp-content/uploads/2025/01/474868424_2064976783964821_1863292671223587186_n-1536x1152.jpg 1536w, http://www.csav.be/wp-content/uploads/2025/01/474868424_2064976783964821_1863292671223587186_n.jpg 2048w" sizes="(max-width: 289px) 100vw, 289px" />&nbsp; &nbsp; &nbsp; &nbsp;<img decoding="async" loading="lazy" class="" src="https://scontent.fbru5-1.fna.fbcdn.net/v/t1.15752-9/474785744_971556311526023_1518808820466971683_n.jpg?_nc_cat=102&amp;ccb=1-7&amp;_nc_sid=9f807c&amp;_nc_ohc=hWZz8tLqa1UQ7kNvgHYOvGD&amp;_nc_zt=23&amp;_nc_ht=scontent.fbru5-1.fna&amp;oh=03_Q7cD1gGhbx7h5c2uEnSB7q_Ez8stAS3PFIHsdLRTIKiV9rA71A&amp;oe=67BF0252" alt="Aucune description disponible." width="196" height="262">&nbsp; &nbsp; &nbsp; &nbsp; &nbsp; &nbsp; <img decoding="async" loading="lazy" class="" src="https://scontent.fbru5-1.fna.fbcdn.net/v/t1.15752-9/474653189_2572051573141361_7264692174116230009_n.jpg?_nc_cat=100&amp;ccb=1-7&amp;_nc_sid=9f807c&amp;_nc_ohc=aXliE4IrhoAQ7kNvgGJsXlv&amp;_nc_zt=23&amp;_nc_ht=scontent.fbru5-1.fna&amp;oh=03_Q7cD1gGuui8UDnYdM0uwV6BpuHVXBmrBhqcdo-xgsWjt6be5-A&amp;oe=67BF0979" alt="Aucune description disponible." width="232" height="174"></p>
<p></p>
<p>1er étage: deux chambres de six lits, deux chambres de deux et trois lits avec salle de bain privative (douche, wc et un évier), un wc séparé</p>
<p><a href="http://www.csav.be/?attachment_id=1468#main"><img decoding="async" loading="lazy" class="alignnone wp-image-1468 size-medium" src="http://www.csav.be/wp-content/uploads/2025/01/474605568_1278511143369998_7156265980814609163_n-300x225.jpg" alt="" width="300" height="225" srcset="http://www.csav.be/wp-content/uploads/2025/01/474605568_1278511143369998_7156265980814609163_n-300x225.jpg 300w, http://www.csav.be/wp-content/uploads/2025/01/474605568_1278511143369998_7156265980814609163_n-1024x768.jpg 1024w, http://www.csav.be/wp-content/uploads/2025/01/474605568_1278511143369998_7156265980814609163_n-768x576.jpg 768w, http://www.csav.be/wp-content/uploads/2025/01/474605568_1278511143369998_7156265980814609163_n-1536x1152.jpg 1536w, http://www.csav.be/wp-content/uploads/2025/01/474605568_1278511143369998_7156265980814609163_n.jpg 2048w" sizes="(max-width: 300px) 100vw, 300px" /></a>&nbsp; &nbsp; &nbsp; &nbsp; &nbsp; &nbsp; &nbsp; <a href="https://scontent.fbru2-1.fna.fbcdn.net/v/t1.15752-9/474195827_1196966562143020_7372120856256494636_n.jpg?_nc_cat=110&amp;ccb=1-7&amp;_nc_sid=9f807c&amp;_nc_ohc=GATiUkuDy6EQ7kNvgHd6ID4&amp;_nc_zt=23&amp;_nc_ht=scontent.fbru2-1.fna&amp;oh=03_Q7cD1gHkA1fmY54Dttj3OxlZy36hZXw2F42Fdg-hLXO4dzF8sw&amp;oe=67BF0CBF"><img decoding="async" loading="lazy" class="alignnone" src="https://scontent.fbru2-1.fna.fbcdn.net/v/t1.15752-9/474195827_1196966562143020_7372120856256494636_n.jpg?_nc_cat=110&amp;ccb=1-7&amp;_nc_sid=9f807c&amp;_nc_ohc=GATiUkuDy6EQ7kNvgHd6ID4&amp;_nc_zt=23&amp;_nc_ht=scontent.fbru2-1.fna&amp;oh=03_Q7cD1gHkA1fmY54Dttj3OxlZy36hZXw2F42Fdg-hLXO4dzF8sw&amp;oe=67BF0CBF" alt="Aucune description disponible." width="271" height="204"></a>&nbsp;</p>
<p>2ème étage: deux chambre de huit lits (chaque chambre possède un évier)</p>
<p></p>
<p><a href="http://www.csav.be/?attachment_id=1466"><img decoding="async" loading="lazy" class="alignnone wp-image-1466" src="http://www.csav.be/wp-content/uploads/2025/01/474772414_1120527072871024_650047996676485544_n-300x225.jpg" alt="" width="362" height="271" srcset="http://www.csav.be/wp-content/uploads/2025/01/474772414_1120527072871024_650047996676485544_n-300x225.jpg 300w, http://www.csav.be/wp-content/uploads/2025/01/474772414_1120527072871024_650047996676485544_n-1024x768.jpg 1024w, http://www.csav.be/wp-content/uploads/2025/01/474772414_1120527072871024_650047996676485544_n-768x576.jpg 768w, http://www.csav.be/wp-content/uploads/2025/01/474772414_1120527072871024_650047996676485544_n-1536x1152.jpg 1536w, http://www.csav.be/wp-content/uploads/2025/01/474772414_1120527072871024_650047996676485544_n.jpg 2048w" sizes="(max-width: 362px) 100vw, 362px" /></a>&nbsp; &nbsp; &nbsp; &nbsp; &nbsp; <a href="https://scontent.xx.fbcdn.net/v/t1.15752-9/474969065_642791108422811_1893306710064357640_n.jpg?stp=dst-jpg_s640x640_tt6&amp;_nc_cat=102&amp;ccb=1-7&amp;_nc_sid=0024fc&amp;_nc_ohc=LkYnbkeBcsQQ7kNvgHk46DR&amp;_nc_ad=z-m&amp;_nc_cid=0&amp;_nc_zt=23&amp;_nc_ht=scontent.xx&amp;oh=03_Q7cD1gFiuugg078rfzXKgvLJ_vjMPyRhCO8__7xWxiF7fXSx5Q&amp;oe=67BF1DE8"><img decoding="async" loading="lazy" class="alignnone" src="https://scontent.xx.fbcdn.net/v/t1.15752-9/474969065_642791108422811_1893306710064357640_n.jpg?stp=dst-jpg_s640x640_tt6&amp;_nc_cat=102&amp;ccb=1-7&amp;_nc_sid=0024fc&amp;_nc_ohc=LkYnbkeBcsQQ7kNvgHk46DR&amp;_nc_ad=z-m&amp;_nc_cid=0&amp;_nc_zt=23&amp;_nc_ht=scontent.xx&amp;oh=03_Q7cD1gFiuugg078rfzXKgvLJ_vjMPyRhCO8__7xWxiF7fXSx5Q&amp;oe=67BF1DE8" alt="Ouvrir la photo" width="254" height="338"></a></p>
<p></p>
<h2 style="text-align: left;"><span style="color: #ff9900;"><strong>Infos </strong></span><span style="color: #ff9900;"><strong>et réservations:</strong></span></h2>
<h4 style="text-align: left; padding-left: 120px;"><em><span style="color: #000000;">Jacqueline MASSART </span></em></h4>
<p style="text-align: left; padding-left: 180px;"><a href="mailto:parottejacqueline@gmail.com" target="_blank" rel="noopener">parottejacqueline@gmail.com</a> ou au 0474/91.55.81.</p>


<iframe loading="lazy" src="https://calendar.google.com/calendar/embed?height=600&#038;wkst=2&#038;ctz=Europe%2FBrussels&#038;showPrint=0&#038;showTz=0&#038;src=Y3Nhdi5iZV9vbHBzcXVmZnY1OWI1MGUyNWo1c2hndGRjOEBncm91cC5jYWxlbmRhci5nb29nbGUuY29t&#038;color=%237986cb" style="border:solid 1px #777" width="800" height="600" frameborder="0" scrolling="no"></iframe>


<p><span style="color: #3366ff;"><strong>Quelques liens vers des sites Internet sur Bredene :</strong></span></p>
<ul>
<li><a href="http://www.7sur7.be/7s7/fr/weather/forecast/1534/202057/La-meteo-a-Bredene.dhtml" target="_blank" rel="noopener">La météo à Bredene</a></li>
<li><a href="http://www.tourismebelgique.com/view/Accueil/Destinations/Bredene" target="_blank" rel="noopener">http://www.tourismebelgique.com/view/Accueil/Destinations/Bredene</a></li>
<li><a href="http://www.uitinbredene.be/" target="_blank" rel="noopener">http://www.uitinbredene.be/</a></li>
<li><a href="http://www.bredene.com/" target="_blank" rel="noopener">http://www.bredene.com/</a></li>
</ul>

<p>Il y a&#8230; le ciel le soleil&#8230; et la mer&#8230; Redécorée du rez au grenier, [&hellip;]</p>
