{"id":1017,"date":"2019-12-20T12:16:19","date_gmt":"2019-12-20T10:16:19","guid":{"rendered":"http:\/\/www.csav.be\/?page_id=1017"},"modified":"2025-12-08T10:22:05","modified_gmt":"2025-12-08T08:22:05","slug":"recoltes-de-fonds","status":"publish","type":"page","link":"http:\/\/www.csav.be\/?page_id=1017","title":{"rendered":"R\u00e9coltes de fonds"},"content":{"rendered":"<h4 style=\"text-align: center;\"><span style=\"color: #ffcc00;\"><strong>Les r\u00e9coltes de fonds, un moyen d&#8217;aider les C.S.A. tout en passant un chouette moment avec des personnes sympathiques.<\/strong><\/span><\/h4>\n<p>Les r\u00e9coltes de fonds consistent \u00e0 rendre des services aupr\u00e8s d&#8217;organismes dans le but de collecter de l&#8217;argent pour les C.S..A.<\/p>\n<ul>\n<li>Gestion des entr\u00e9es au Laetare de Stavelot;<\/li>\n<li>Gestion des entr\u00e9es au Motocross de Lommel;<\/li>\n<li>Distribution d&#8217;eau durant le joggings de Verviers ;<\/li>\n<li>La Franchefoire;<\/li>\n<li>vente des acc\u00e8s aux 24h de Francorchamps<\/li>\n<li>accompagnement des chars \u00e0 la cavalcade de Herve<\/li>\n<li><\/li>\n<\/ul>\n<p>sont autant de mani\u00e8res de vous joindre au mouvement des C.S.A. dans le cadre des r\u00e9coltes de fonds.<\/p>\n<p><strong>Si cela vous int\u00e9resse, contactez Monsieur Massart au<span style=\"color: #ff6600;\"> 0498\/52.06.99<\/span>.<\/strong><\/p>\n","protected":false},"excerpt":{"rendered":"<p>Les r\u00e9coltes de fonds, un moyen d&#8217;aider les C.S.A. tout en passant un chouette moment [&hellip;]<\/p>\n","protected":false},"author":4,"featured_media":0,"parent":0,"menu_order":0,"comment_status":"closed","ping_status":"closed","template":"","meta":[],"_links":{"self":[{"href":"http:\/\/www.csav.be\/index.php?rest_route=\/wp\/v2\/pages\/1017"}],"collection":[{"href":"http:\/\/www.csav.be\/index.php?rest_route=\/wp\/v2\/pages"}],"about":[{"href":"http:\/\/www.csav.be\/index.php?rest_route=\/wp\/v2\/types\/page"}],"author":[{"embeddable":true,"href":"http:\/\/www.csav.be\/index.php?rest_route=\/wp\/v2\/users\/4"}],"replies":[{"embeddable":true,"href":"http:\/\/www.csav.be\/index.php?rest_route=%2Fwp%2Fv2%2Fcomments&post=1017"}],"version-history":[{"count":12,"href":"http:\/\/www.csav.be\/index.php?rest_route=\/wp\/v2\/pages\/1017\/revisions"}],"predecessor-version":[{"id":1495,"href":"http:\/\/www.csav.be\/index.php?rest_route=\/wp\/v2\/pages\/1017\/revisions\/1495"}],"wp:attachment":[{"href":"http:\/\/www.csav.be\/index.php?rest_route=%2Fwp%2Fv2%2Fmedia&parent=1017"}],"curies":[{"name":"wp","href":"https:\/\/api.w.org\/{rel}","templated":true}]}}