{"id":1018,"date":"2019-12-20T12:16:19","date_gmt":"2019-12-20T10:16:19","guid":{"rendered":"http:\/\/www.csav.be\/?page_id=1018"},"modified":"2020-01-06T14:56:27","modified_gmt":"2020-01-06T12:56:27","slug":"dautres-idees","status":"publish","type":"page","link":"http:\/\/www.csav.be\/?page_id=1018","title":{"rendered":"D&#8217;autres id\u00e9es?"},"content":{"rendered":"<h3 style=\"text-align: center;\"><span style=\"color: #ffcc00;\"><strong>Vous souhaitez nous aider mais vous ne vous retrouvez dans aucune des propositions pr\u00e9c\u00e9dentes?<\/strong><\/span><\/h3>\n<p>&nbsp;<\/p>\n<p>A chaque probl\u00e8me sa solution!<\/p>\n<p>Nous sommes ouverts, n&#8217;h\u00e9sitez pas \u00e0 nous faire part de vos id\u00e9es!<\/p>\n<p>Par exemple: aide pour un souper que nous organisons, aide lors d\u2019\u00e9v\u00e9nements ponctuels, chauffeurs pour les camps ou les activit\u00e9s, &#8230;<\/p>\n<p>&nbsp;<\/p>\n<p>Contactez-nous au 087\/35.14.65 ou info@csav.be<\/p>\n","protected":false},"excerpt":{"rendered":"<p>Vous souhaitez nous aider mais vous ne vous retrouvez dans aucune des propositions pr\u00e9c\u00e9dentes? &nbsp; [&hellip;]<\/p>\n","protected":false},"author":4,"featured_media":0,"parent":0,"menu_order":0,"comment_status":"closed","ping_status":"closed","template":"","meta":[],"_links":{"self":[{"href":"http:\/\/www.csav.be\/index.php?rest_route=\/wp\/v2\/pages\/1018"}],"collection":[{"href":"http:\/\/www.csav.be\/index.php?rest_route=\/wp\/v2\/pages"}],"about":[{"href":"http:\/\/www.csav.be\/index.php?rest_route=\/wp\/v2\/types\/page"}],"author":[{"embeddable":true,"href":"http:\/\/www.csav.be\/index.php?rest_route=\/wp\/v2\/users\/4"}],"replies":[{"embeddable":true,"href":"http:\/\/www.csav.be\/index.php?rest_route=%2Fwp%2Fv2%2Fcomments&post=1018"}],"version-history":[{"count":6,"href":"http:\/\/www.csav.be\/index.php?rest_route=\/wp\/v2\/pages\/1018\/revisions"}],"predecessor-version":[{"id":1075,"href":"http:\/\/www.csav.be\/index.php?rest_route=\/wp\/v2\/pages\/1018\/revisions\/1075"}],"wp:attachment":[{"href":"http:\/\/www.csav.be\/index.php?rest_route=%2Fwp%2Fv2%2Fmedia&parent=1018"}],"curies":[{"name":"wp","href":"https:\/\/api.w.org\/{rel}","templated":true}]}}