{"id":1344,"date":"2023-01-18T15:13:15","date_gmt":"2023-01-18T13:13:15","guid":{"rendered":"http:\/\/www.csav.be\/?page_id=1344"},"modified":"2023-01-18T15:25:48","modified_gmt":"2023-01-18T13:25:48","slug":"animations-minis","status":"publish","type":"page","link":"http:\/\/www.csav.be\/?page_id=1344","title":{"rendered":"Animations Minis"},"content":{"rendered":"\n<p><mark style=\"background-color:rgba(0, 0, 0, 0)\" class=\"has-inline-color has-pale-pink-color\">Durant <strong>certains <\/strong>cong\u00e9s scolaires<\/mark>, nous organisons des animations pour les enfants \u00e2g\u00e9s de <strong><mark style=\"background-color:rgba(0, 0, 0, 0)\" class=\"has-inline-color has-vivid-green-cyan-color\">3 \u00e0 6 ans<\/mark> <\/strong>(Maternelles), les &#8220;Minis&#8221;.<\/p>\n\n\n\n<p><\/p>\n\n\n\n<p>Suivez-nous sur Facebook pour \u00eatre tenus au courant d\u00e8s que ces semaines ont lieu<\/p>\n\n\n\n<p class=\"has-text-align-center\"><a href=\"https:\/\/www.facebook.com\/csaverviers\">https:\/\/www.facebook.com\/csaverviers<\/a><\/p>\n\n\n\n<p>Des animations encadr\u00e9es par du personnel qualifi\u00e9. <\/p>\n\n\n\n<figure class=\"is-layout-flex wp-block-gallery-1 wp-block-gallery has-nested-images columns-default is-cropped\">\n<figure class=\"wp-block-image size-large\"><a href=\"http:\/\/www.csav.be\/wp-content\/uploads\/2023\/01\/305174329_4917993711634603_4049611707026138762_n.jpg\"><img decoding=\"async\" loading=\"lazy\" width=\"768\" height=\"1024\" data-id=\"1351\"  src=\"http:\/\/www.csav.be\/wp-content\/uploads\/2023\/01\/305174329_4917993711634603_4049611707026138762_n-768x1024.jpg\" alt=\"\" class=\"wp-image-1351\" srcset=\"http:\/\/www.csav.be\/wp-content\/uploads\/2023\/01\/305174329_4917993711634603_4049611707026138762_n-768x1024.jpg 768w, http:\/\/www.csav.be\/wp-content\/uploads\/2023\/01\/305174329_4917993711634603_4049611707026138762_n-225x300.jpg 225w, http:\/\/www.csav.be\/wp-content\/uploads\/2023\/01\/305174329_4917993711634603_4049611707026138762_n-1152x1536.jpg 1152w, http:\/\/www.csav.be\/wp-content\/uploads\/2023\/01\/305174329_4917993711634603_4049611707026138762_n.jpg 1536w\" sizes=\"(max-width: 768px) 100vw, 768px\" \/><\/a><\/figure>\n\n\n\n<figure class=\"wp-block-image size-large\"><a href=\"http:\/\/www.csav.be\/wp-content\/uploads\/2023\/01\/234495390_1008931653200813_2763973431748074687_n.jpg\"><img decoding=\"async\" loading=\"lazy\" width=\"560\" height=\"756\" data-id=\"1352\"  src=\"http:\/\/www.csav.be\/wp-content\/uploads\/2023\/01\/234495390_1008931653200813_2763973431748074687_n.jpg\" alt=\"\" class=\"wp-image-1352\" srcset=\"http:\/\/www.csav.be\/wp-content\/uploads\/2023\/01\/234495390_1008931653200813_2763973431748074687_n.jpg 560w, http:\/\/www.csav.be\/wp-content\/uploads\/2023\/01\/234495390_1008931653200813_2763973431748074687_n-222x300.jpg 222w\" sizes=\"(max-width: 560px) 100vw, 560px\" \/><\/a><\/figure>\n\n\n\n<figure class=\"wp-block-image size-large\"><a href=\"http:\/\/www.csav.be\/wp-content\/uploads\/2023\/01\/IMG_20210818_104312-scaled.jpg\"><img decoding=\"async\" loading=\"lazy\" width=\"768\" height=\"1024\" data-id=\"1353\"  src=\"http:\/\/www.csav.be\/wp-content\/uploads\/2023\/01\/IMG_20210818_104312-768x1024.jpg\" alt=\"\" class=\"wp-image-1353\" srcset=\"http:\/\/www.csav.be\/wp-content\/uploads\/2023\/01\/IMG_20210818_104312-768x1024.jpg 768w, http:\/\/www.csav.be\/wp-content\/uploads\/2023\/01\/IMG_20210818_104312-225x300.jpg 225w, http:\/\/www.csav.be\/wp-content\/uploads\/2023\/01\/IMG_20210818_104312-1152x1536.jpg 1152w, http:\/\/www.csav.be\/wp-content\/uploads\/2023\/01\/IMG_20210818_104312-1536x2048.jpg 1536w, http:\/\/www.csav.be\/wp-content\/uploads\/2023\/01\/IMG_20210818_104312-scaled.jpg 1920w\" sizes=\"(max-width: 768px) 100vw, 768px\" \/><\/a><\/figure>\n\n\n\n<figure class=\"wp-block-image size-large\"><a href=\"http:\/\/www.csav.be\/wp-content\/uploads\/2023\/01\/IMG_20210819_151159-scaled.jpg\"><img decoding=\"async\" loading=\"lazy\" width=\"1024\" height=\"768\" data-id=\"1354\"  src=\"http:\/\/www.csav.be\/wp-content\/uploads\/2023\/01\/IMG_20210819_151159-1024x768.jpg\" alt=\"\" class=\"wp-image-1354\" srcset=\"http:\/\/www.csav.be\/wp-content\/uploads\/2023\/01\/IMG_20210819_151159-1024x768.jpg 1024w, http:\/\/www.csav.be\/wp-content\/uploads\/2023\/01\/IMG_20210819_151159-300x225.jpg 300w, http:\/\/www.csav.be\/wp-content\/uploads\/2023\/01\/IMG_20210819_151159-768x576.jpg 768w, http:\/\/www.csav.be\/wp-content\/uploads\/2023\/01\/IMG_20210819_151159-1536x1152.jpg 1536w, http:\/\/www.csav.be\/wp-content\/uploads\/2023\/01\/IMG_20210819_151159-2048x1536.jpg 2048w\" sizes=\"(max-width: 1024px) 100vw, 1024px\" \/><\/a><\/figure>\n<\/figure>\n","protected":false},"excerpt":{"rendered":"<p>Durant certains cong\u00e9s scolaires, nous organisons des animations pour les enfants \u00e2g\u00e9s de 3 \u00e0 [&hellip;]<\/p>\n","protected":false},"author":4,"featured_media":0,"parent":0,"menu_order":0,"comment_status":"closed","ping_status":"closed","template":"","meta":[],"_links":{"self":[{"href":"http:\/\/www.csav.be\/index.php?rest_route=\/wp\/v2\/pages\/1344"}],"collection":[{"href":"http:\/\/www.csav.be\/index.php?rest_route=\/wp\/v2\/pages"}],"about":[{"href":"http:\/\/www.csav.be\/index.php?rest_route=\/wp\/v2\/types\/page"}],"author":[{"embeddable":true,"href":"http:\/\/www.csav.be\/index.php?rest_route=\/wp\/v2\/users\/4"}],"replies":[{"embeddable":true,"href":"http:\/\/www.csav.be\/index.php?rest_route=%2Fwp%2Fv2%2Fcomments&post=1344"}],"version-history":[{"count":2,"href":"http:\/\/www.csav.be\/index.php?rest_route=\/wp\/v2\/pages\/1344\/revisions"}],"predecessor-version":[{"id":1357,"href":"http:\/\/www.csav.be\/index.php?rest_route=\/wp\/v2\/pages\/1344\/revisions\/1357"}],"wp:attachment":[{"href":"http:\/\/www.csav.be\/index.php?rest_route=%2Fwp%2Fv2%2Fmedia&parent=1344"}],"curies":[{"name":"wp","href":"https:\/\/api.w.org\/{rel}","templated":true}]}}

<p><mark style="background-color:rgba(0, 0, 0, 0)" class="has-inline-color has-pale-pink-color">Durant <strong>certains </strong>congés scolaires</mark>, nous organisons des animations pour les enfants âgés de <strong><mark style="background-color:rgba(0, 0, 0, 0)" class="has-inline-color has-vivid-green-cyan-color">3 à 6 ans</mark> </strong>(Maternelles), les &#8220;Minis&#8221;.</p>



<p></p>



<p>Suivez-nous sur Facebook pour être tenus au courant dès que ces semaines ont lieu</p>



<p class="has-text-align-center"><a href="https://www.facebook.com/csaverviers">https://www.facebook.com/csaverviers</a></p>



<p>Des animations encadrées par du personnel qualifié. </p>



<figure class="is-layout-flex wp-block-gallery-1 wp-block-gallery has-nested-images columns-default is-cropped">
<figure class="wp-block-image size-large"><a href="http://www.csav.be/wp-content/uploads/2023/01/305174329_4917993711634603_4049611707026138762_n.jpg"><img decoding="async" loading="lazy" width="768" height="1024" data-id="1351"  src="http://www.csav.be/wp-content/uploads/2023/01/305174329_4917993711634603_4049611707026138762_n-768x1024.jpg" alt="" class="wp-image-1351" srcset="http://www.csav.be/wp-content/uploads/2023/01/305174329_4917993711634603_4049611707026138762_n-768x1024.jpg 768w, http://www.csav.be/wp-content/uploads/2023/01/305174329_4917993711634603_4049611707026138762_n-225x300.jpg 225w, http://www.csav.be/wp-content/uploads/2023/01/305174329_4917993711634603_4049611707026138762_n-1152x1536.jpg 1152w, http://www.csav.be/wp-content/uploads/2023/01/305174329_4917993711634603_4049611707026138762_n.jpg 1536w" sizes="(max-width: 768px) 100vw, 768px" /></a></figure>



<figure class="wp-block-image size-large"><a href="http://www.csav.be/wp-content/uploads/2023/01/234495390_1008931653200813_2763973431748074687_n.jpg"><img decoding="async" loading="lazy" width="560" height="756" data-id="1352"  src="http://www.csav.be/wp-content/uploads/2023/01/234495390_1008931653200813_2763973431748074687_n.jpg" alt="" class="wp-image-1352" srcset="http://www.csav.be/wp-content/uploads/2023/01/234495390_1008931653200813_2763973431748074687_n.jpg 560w, http://www.csav.be/wp-content/uploads/2023/01/234495390_1008931653200813_2763973431748074687_n-222x300.jpg 222w" sizes="(max-width: 560px) 100vw, 560px" /></a></figure>



<figure class="wp-block-image size-large"><a href="http://www.csav.be/wp-content/uploads/2023/01/IMG_20210818_104312-scaled.jpg"><img decoding="async" loading="lazy" width="768" height="1024" data-id="1353"  src="http://www.csav.be/wp-content/uploads/2023/01/IMG_20210818_104312-768x1024.jpg" alt="" class="wp-image-1353" srcset="http://www.csav.be/wp-content/uploads/2023/01/IMG_20210818_104312-768x1024.jpg 768w, http://www.csav.be/wp-content/uploads/2023/01/IMG_20210818_104312-225x300.jpg 225w, http://www.csav.be/wp-content/uploads/2023/01/IMG_20210818_104312-1152x1536.jpg 1152w, http://www.csav.be/wp-content/uploads/2023/01/IMG_20210818_104312-1536x2048.jpg 1536w, http://www.csav.be/wp-content/uploads/2023/01/IMG_20210818_104312-scaled.jpg 1920w" sizes="(max-width: 768px) 100vw, 768px" /></a></figure>



<figure class="wp-block-image size-large"><a href="http://www.csav.be/wp-content/uploads/2023/01/IMG_20210819_151159-scaled.jpg"><img decoding="async" loading="lazy" width="1024" height="768" data-id="1354"  src="http://www.csav.be/wp-content/uploads/2023/01/IMG_20210819_151159-1024x768.jpg" alt="" class="wp-image-1354" srcset="http://www.csav.be/wp-content/uploads/2023/01/IMG_20210819_151159-1024x768.jpg 1024w, http://www.csav.be/wp-content/uploads/2023/01/IMG_20210819_151159-300x225.jpg 300w, http://www.csav.be/wp-content/uploads/2023/01/IMG_20210819_151159-768x576.jpg 768w, http://www.csav.be/wp-content/uploads/2023/01/IMG_20210819_151159-1536x1152.jpg 1536w, http://www.csav.be/wp-content/uploads/2023/01/IMG_20210819_151159-2048x1536.jpg 2048w" sizes="(max-width: 1024px) 100vw, 1024px" /></a></figure>
</figure>

<p>Durant certains congés scolaires, nous organisons des animations pour les enfants âgés de 3 à [&hellip;]</p>
