{"id":78,"date":"2015-09-14T20:54:19","date_gmt":"2015-09-14T18:54:19","guid":{"rendered":"http:\/\/www.csav.be\/?page_id=78"},"modified":"2022-10-24T12:59:24","modified_gmt":"2022-10-24T10:59:24","slug":"notre-action","status":"publish","type":"page","link":"http:\/\/www.csav.be\/?page_id=78","title":{"rendered":"Description g\u00e9n\u00e9rale des activit\u00e9s"},"content":{"rendered":"<h4><\/h4>\n<h4 style=\"text-align: center;\"><span style=\"color: #ff0000;\"><strong>Les C.S.A. tentent de s\u2019ins\u00e9rer dans la vie du quartier et dans le tissu associatif vervi\u00e9tois gr\u00e2ce au travail en r\u00e9seau et aux coordinations th\u00e9matiques.<\/strong><\/span><\/h4>\n<p><a href=\"http:\/\/www.csav.be\/?attachment_id=1218#main\" rel=\"attachment wp-att-1218\"><img decoding=\"async\" loading=\"lazy\" class=\"wp-image-1218 alignright\" src=\"http:\/\/www.csav.be\/wp-content\/uploads\/2021\/05\/162494621_1833112970181340_8974569638135015666_n-220x300.jpg\" alt=\"\" width=\"298\" height=\"406\" srcset=\"http:\/\/www.csav.be\/wp-content\/uploads\/2021\/05\/162494621_1833112970181340_8974569638135015666_n-220x300.jpg 220w, http:\/\/www.csav.be\/wp-content\/uploads\/2021\/05\/162494621_1833112970181340_8974569638135015666_n.jpg 352w\" sizes=\"(max-width: 298px) 100vw, 298px\" \/><\/a><\/p>\n<p><span style=\"color: #ff6600;\"><strong>L\u2019\u00e9quipe propose actuellement les services suivants :<\/strong><\/span><\/p>\n<ul>\n<li><span style=\"color: #ffcc00;\"><a style=\"color: #ffcc00;\" href=\"http:\/\/www.csav.be\/?cat=8\"><span style=\"color: #ff6600;\">Aide scolaire\/\u00e9cole de devoirs<\/span><\/a><\/span> pour les enfants du primaire et du secondaire (de la 1\u00e8re \u00e0 la 3\u00e8me) dans nos locaux (Rue de Stembert, 48);<\/li>\n<li>Activit\u00e9s ludiques et animations pour les enfants de 6 \u00e0 12 ans<a href=\"http:\/\/www.csav.be\/?cat=7\"><span style=\"color: #ff6600;\"> les mercredis<\/span><\/a>\u00a0;<\/li>\n<li>Activit\u00e9s d&#8217;animations\u00a0<span style=\"color: #ff6600;\"><a style=\"color: #ff6600;\" href=\"http:\/\/www.csav.be\/?cat=12\">durant les vacances scolaires<\/a> <\/span> pour les minis du maternel (3-6 ans), les enfants du primaire (6-12 ans) et les jeunes du secondaire (12-15 ans);<\/li>\n<li>Accompagnement social;<\/li>\n<li><span style=\"color: #ff6600;\"><span style=\"color: #ff6600;\"><a style=\"color: #ff6600;\" href=\"http:\/\/www.csav.be\/?page_id=84\">S\u00e9jours d&#8217;\u00e9t\u00e9<\/a><\/span>\u00a0<\/span>pour les enfants en juillet et en ao\u00fbt (\u00e0 la mer ou \u00e0 la campagne);<\/li>\n<\/ul>\n<p>&nbsp;<\/p>\n<p>&nbsp;<\/p>\n<p>&nbsp;<\/p>\n<p><img decoding=\"async\" loading=\"lazy\" class=\"wp-image-1219 alignleft\" src=\"http:\/\/www.csav.be\/wp-content\/uploads\/2021\/05\/164068215_164542182169954_3999037973713017200_n-300x169.jpg\" alt=\"\" width=\"451\" height=\"254\" srcset=\"http:\/\/www.csav.be\/wp-content\/uploads\/2021\/05\/164068215_164542182169954_3999037973713017200_n-300x169.jpg 300w, http:\/\/www.csav.be\/wp-content\/uploads\/2021\/05\/164068215_164542182169954_3999037973713017200_n-768x432.jpg 768w, http:\/\/www.csav.be\/wp-content\/uploads\/2021\/05\/164068215_164542182169954_3999037973713017200_n-1024x576.jpg 1024w\" sizes=\"(max-width: 451px) 100vw, 451px\" \/><\/p>\n<div>\n<p><span style=\"color: #ff6600;\"><strong>Activit\u00e9s occasionnelles :<\/strong><\/span><\/p>\n<ul>\n<li>Participation aux activit\u00e9s du quartier;<\/li>\n<li>Organisation de soupers de fin d\u2019ann\u00e9e, ouvert \u00e0 tous;<\/li>\n<li>Organisation de journ\u00e9es \u00e0 destination des familles des enfants que nous accueillons;<\/li>\n<li>Partenariat avec d\u2019autres associations ou \u00e9coles de devoirs;<\/li>\n<\/ul>\n<\/div>\n","protected":false},"excerpt":{"rendered":"<p>Les C.S.A. tentent de s\u2019ins\u00e9rer dans la vie du quartier et dans le tissu associatif [&hellip;]<\/p>\n","protected":false},"author":1,"featured_media":0,"parent":0,"menu_order":0,"comment_status":"closed","ping_status":"closed","template":"","meta":[],"_links":{"self":[{"href":"http:\/\/www.csav.be\/index.php?rest_route=\/wp\/v2\/pages\/78"}],"collection":[{"href":"http:\/\/www.csav.be\/index.php?rest_route=\/wp\/v2\/pages"}],"about":[{"href":"http:\/\/www.csav.be\/index.php?rest_route=\/wp\/v2\/types\/page"}],"author":[{"embeddable":true,"href":"http:\/\/www.csav.be\/index.php?rest_route=\/wp\/v2\/users\/1"}],"replies":[{"embeddable":true,"href":"http:\/\/www.csav.be\/index.php?rest_route=%2Fwp%2Fv2%2Fcomments&post=78"}],"version-history":[{"count":17,"href":"http:\/\/www.csav.be\/index.php?rest_route=\/wp\/v2\/pages\/78\/revisions"}],"predecessor-version":[{"id":1293,"href":"http:\/\/www.csav.be\/index.php?rest_route=\/wp\/v2\/pages\/78\/revisions\/1293"}],"wp:attachment":[{"href":"http:\/\/www.csav.be\/index.php?rest_route=%2Fwp%2Fv2%2Fmedia&parent=78"}],"curies":[{"name":"wp","href":"https:\/\/api.w.org\/{rel}","templated":true}]}}

Description générale des activités

<h4></h4>
<h4 style="text-align: center;"><span style="color: #ff0000;"><strong>Les C.S.A. tentent de s’insérer dans la vie du quartier et dans le tissu associatif verviétois grâce au travail en réseau et aux coordinations thématiques.</strong></span></h4>
<p><a href="http://www.csav.be/?attachment_id=1218#main" rel="attachment wp-att-1218"><img decoding="async" loading="lazy" class="wp-image-1218 alignright" src="http://www.csav.be/wp-content/uploads/2021/05/162494621_1833112970181340_8974569638135015666_n-220x300.jpg" alt="" width="298" height="406" srcset="http://www.csav.be/wp-content/uploads/2021/05/162494621_1833112970181340_8974569638135015666_n-220x300.jpg 220w, http://www.csav.be/wp-content/uploads/2021/05/162494621_1833112970181340_8974569638135015666_n.jpg 352w" sizes="(max-width: 298px) 100vw, 298px" /></a></p>
<p><span style="color: #ff6600;"><strong>L’équipe propose actuellement les services suivants :</strong></span></p>
<ul>
<li><span style="color: #ffcc00;"><a style="color: #ffcc00;" href="http://www.csav.be/?cat=8"><span style="color: #ff6600;">Aide scolaire/école de devoirs</span></a></span> pour les enfants du primaire et du secondaire (de la 1ère à la 3ème) dans nos locaux (Rue de Stembert, 48);</li>
<li>Activités ludiques et animations pour les enfants de 6 à 12 ans<a href="http://www.csav.be/?cat=7"><span style="color: #ff6600;"> les mercredis</span></a> ;</li>
<li>Activités d&#8217;animations <span style="color: #ff6600;"><a style="color: #ff6600;" href="http://www.csav.be/?cat=12">durant les vacances scolaires</a> </span> pour les minis du maternel (3-6 ans), les enfants du primaire (6-12 ans) et les jeunes du secondaire (12-15 ans);</li>
<li>Accompagnement social;</li>
<li><span style="color: #ff6600;"><span style="color: #ff6600;"><a style="color: #ff6600;" href="http://www.csav.be/?page_id=84">Séjours d&#8217;été</a></span> </span>pour les enfants en juillet et en août (à la mer ou à la campagne);</li>
</ul>
<p>&nbsp;</p>
<p>&nbsp;</p>
<p>&nbsp;</p>
<p><img decoding="async" loading="lazy" class="wp-image-1219 alignleft" src="http://www.csav.be/wp-content/uploads/2021/05/164068215_164542182169954_3999037973713017200_n-300x169.jpg" alt="" width="451" height="254" srcset="http://www.csav.be/wp-content/uploads/2021/05/164068215_164542182169954_3999037973713017200_n-300x169.jpg 300w, http://www.csav.be/wp-content/uploads/2021/05/164068215_164542182169954_3999037973713017200_n-768x432.jpg 768w, http://www.csav.be/wp-content/uploads/2021/05/164068215_164542182169954_3999037973713017200_n-1024x576.jpg 1024w" sizes="(max-width: 451px) 100vw, 451px" /></p>
<div>
<p><span style="color: #ff6600;"><strong>Activités occasionnelles :</strong></span></p>
<ul>
<li>Participation aux activités du quartier;</li>
<li>Organisation de soupers de fin d’année, ouvert à tous;</li>
<li>Organisation de journées à destination des familles des enfants que nous accueillons;</li>
<li>Partenariat avec d’autres associations ou écoles de devoirs;</li>
</ul>
</div>

<p>Les C.S.A. tentent de s’insérer dans la vie du quartier et dans le tissu associatif [&hellip;]</p>
