{"id":84,"date":"2015-09-14T21:09:45","date_gmt":"2015-09-14T19:09:45","guid":{"rendered":"http:\/\/www.csav.be\/?page_id=84"},"modified":"2026-01-21T13:48:48","modified_gmt":"2026-01-21T11:48:48","slug":"camps","status":"publish","type":"page","link":"http:\/\/www.csav.be\/?page_id=84","title":{"rendered":"Camps"},"content":{"rendered":"<p><a href=\"http:\/\/www.csav.be\/?attachment_id=787\" rel=\"attachment wp-att-787\"><img decoding=\"async\" loading=\"lazy\" class=\"wp-image-787\" src=\"http:\/\/www.csav.be\/wp-content\/uploads\/2018\/12\/074-300x225.jpg\" alt=\"\" width=\"223\" height=\"167\" srcset=\"http:\/\/www.csav.be\/wp-content\/uploads\/2018\/12\/074-300x225.jpg 300w, http:\/\/www.csav.be\/wp-content\/uploads\/2018\/12\/074-768x576.jpg 768w, http:\/\/www.csav.be\/wp-content\/uploads\/2018\/12\/074-1024x768.jpg 1024w, http:\/\/www.csav.be\/wp-content\/uploads\/2018\/12\/074.jpg 2048w\" sizes=\"(max-width: 223px) 100vw, 223px\" \/><\/a><\/p>\n<p>\u00ab\u00a0Aux <span style=\"color: #ff9900;\"><strong>camps CSA<\/strong><\/span>, lalala,\u2026 En vacances l\u00e0-bas, lalala,\u2026\u00a0\u00bb. Nostalgie pour beaucoup d\u2019<span style=\"color: #339966;\"><strong>enfants<\/strong><\/span> et d\u2019<span style=\"color: #3366ff;\"><strong>animateurs<\/strong><\/span>.<\/p>\n<p>Depuis plusieurs dizaines d\u2019ann\u00e9es maintenant, les CSA permettent \u00e0 plus d\u2019une centaine d\u2019enfants de partir <span style=\"color: #993366;\"><strong>\u00e0 la C\u00f4te<\/strong> <\/span>ou dans les <span style=\"color: #339966;\"><strong>Ardennes<\/strong><\/span> durant les<\/p>\n<p><a href=\"http:\/\/www.csav.be\/?attachment_id=786\" rel=\"attachment wp-att-786\"><img decoding=\"async\" loading=\"lazy\" class=\"wp-image-786 alignright\" src=\"http:\/\/www.csav.be\/wp-content\/uploads\/2018\/12\/072-300x225.jpg\" alt=\"\" width=\"192\" height=\"144\" srcset=\"http:\/\/www.csav.be\/wp-content\/uploads\/2018\/12\/072-300x225.jpg 300w, http:\/\/www.csav.be\/wp-content\/uploads\/2018\/12\/072-768x576.jpg 768w, http:\/\/www.csav.be\/wp-content\/uploads\/2018\/12\/072-1024x768.jpg 1024w, http:\/\/www.csav.be\/wp-content\/uploads\/2018\/12\/072.jpg 2048w\" sizes=\"(max-width: 192px) 100vw, 192px\" \/><\/a><\/p>\n<p>grandes vacances. Ces camps sont une r\u00e9elle opportunit\u00e9 \u00a0pour ces enfants qui n\u2019ont pas toujours la chance de pouvoir partir en vacances.<\/p>\n<p>Ce sont en tout 4 camps \u00e0 <span style=\"color: #ff9900;\"><strong>Bredene<\/strong><\/span> (de 10 jours pour les plus grands ou 8 jours pour les petits) <a href=\"http:\/\/www.csav.be\/?attachment_id=789\" rel=\"attachment wp-att-789\"><img decoding=\"async\" loading=\"lazy\" class=\" wp-image-789 alignleft\" src=\"http:\/\/www.csav.be\/wp-content\/uploads\/2018\/12\/DSCN2407-300x225.jpg\" alt=\"\" width=\"216\" height=\"162\" srcset=\"http:\/\/www.csav.be\/wp-content\/uploads\/2018\/12\/DSCN2407-300x225.jpg 300w, http:\/\/www.csav.be\/wp-content\/uploads\/2018\/12\/DSCN2407.jpg 500w\" sizes=\"(max-width: 216px) 100vw, 216px\" \/><\/a>et 1 camp \u00e0 <span style=\"color: #3366ff;\"><strong>Wavreumont<\/strong><\/span> (de 10 jours) qui sont organis\u00e9s chaque ann\u00e9e.<br \/>Les enfants sont encadr\u00e9s par des \u00e9quipes d\u2019animation soud\u00e9es et provenant de tous les horizons, les rendant encore plus fortes.<\/p>\n<p>Les <span style=\"color: #339966;\"><strong>2 g\u00eetes<\/strong> <\/span>correspondent parfaitement aux besoins de nos ch\u00e8res t\u00eates blondes\u2026 R\u00e9fectoires spacieux, cuisines fonctionnelles, nombreux sanitaires, espaces conviviaux et chambres \u00e9quip\u00e9es. De plus, les aires de jeux, plages ou bois, terrains de sport ne sont qu\u2019\u00e0 quelques pas des maisons, permettant de profiter un maximum du camp.<\/p>\n<p>Mais <span style=\"color: #993366;\"><strong>les activit\u00e9s des CSA<\/strong> <\/span>pour les enfants ne se r\u00e9sument pas qu\u2019aux camps. En effet, durant la p\u00e9riode scolaire, est organis\u00e9e une \u00e9cole des devoirs. Celle-ci accueille une dizaine d\u2019enfants tous les jours.<span style=\"color: #3366ff;\"><strong> Les b\u00e9n\u00e9voles<\/strong> <\/span>motiv\u00e9s apportent leurs aides et conseils afin d\u2019aider ces enfants.<\/p>\n<p>De plus, pendant les vacances, plusieurs <a href=\"http:\/\/www.csav.be\/?page_id=1315\"><span style=\"color: #ff9900;\"><strong>stages<\/strong><\/span> <\/a>sont \u00e9galement propos\u00e9s. Les activit\u00e9s mises sur pied sont vari\u00e9es et ravirons les sportifs, les aventuriers, les amis des animaux et les r\u00eaveurs\u2026<\/p>\n<p>Plus que jamais les <span style=\"color: #339966;\"><strong>CSA<\/strong> <\/span>pensent aux <span style=\"color: #993366;\"><strong>enfants<\/strong> <\/span>et font tout pour leur \u00e9panouissement\u00a0!<\/p>\n<h2 style=\"text-align: center;\"><span style=\"color: #333399;\">Dates de camps pour l&#8217;ann\u00e9e 2026:<\/span><\/h2>\n<h3 style=\"text-align: center;\">Bredene (Mer):<br \/>\u00a0&#8211; Du 10 au 19\/07\/2026 : 8-10 ans<br \/>&#8211; Du 21 au 30\/07\/2026 : 10-12 ans<br \/>&#8211; Du 31 au 7\/08\/2026 : 6-9 ans<\/h3>\n<h3 style=\"text-align: center;\">Wavreumont (Ardennes):<br \/>&#8211; Du 08 au 15\/08\/2026 : 9-12 ans<\/h3>\n\n\n<p class=\"has-text-align-center\"><strong><mark style=\"background-color:rgba(0, 0, 0, 0)\" class=\"has-inline-color has-vivid-cyan-blue-color\">Projet p\u00e9dagogique Centre de Vacances des C.S.A.<\/mark><\/strong><\/p>\n\n\n\n<div class=\"wp-block-file\"><object class=\"wp-block-file__embed\" data=\"http:\/\/www.csav.be\/wp-content\/uploads\/2023\/03\/Projet-daccueil-1.pdf\" type=\"application\/pdf\" style=\"width:100%;height:600px\" aria-label=\"Contenu embarqu\u00e9 Projet-daccueil-1.\"><\/object><a id=\"wp-block-file--media-dd70ab8a-3f72-4924-a6c7-e31b5835d47f\" href=\"http:\/\/www.csav.be\/wp-content\/uploads\/2023\/03\/Projet-daccueil-1.pdf\">Projet-daccueil-1<\/a><a href=\"http:\/\/www.csav.be\/wp-content\/uploads\/2023\/03\/Projet-daccueil-1.pdf\" class=\"wp-block-file__button wp-element-button\" download aria-describedby=\"wp-block-file--media-dd70ab8a-3f72-4924-a6c7-e31b5835d47f\">T\u00e9l\u00e9charger<\/a><\/div>\n\n\n<ul>\n<li><a href=\"http:\/\/www.csav.be\/wp-content\/uploads\/2015\/09\/presentationcampcsabredene.pdf\">Pr\u00e9sentation des camps en PDF<\/a><\/li>\n<li><a href=\"https:\/\/docs.google.com\/a\/csav.be\/viewer?a=v&amp;pid=sites&amp;srcid=Y3Nhdi5iZXxjc2F8Z3g6NWY4MWEzMmJjNTcyNGQwNA\" target=\"_blank\" rel=\"noopener\">Pr\u00e9sentation des camps en Powerpoint<\/a><\/li>\n<\/ul>\n<h2><span style=\"color: #000080;\">Pour les animateurs et responsables<\/span><\/h2>\n<ul>\n<li><a href=\"https:\/\/sites.google.com\/a\/csav.be\/camps\/\" target=\"_blank\" rel=\"noopener\">Cliquez ici<\/a><\/li>\n<\/ul>\n<pre>Attention : l'espace est s\u00e9curis\u00e9 --&gt; pour obtenir votre mot de passe, <br>veuillez en faire la demande par mail \u00e0 l'adresse suivante : <br><a href=\"mailto:sebastien.gregoire@csav.be\" target=\"_blank\" rel=\"noopener\">sebastien.gregoire@csav.be<\/a>.<\/pre>\n<p><\/p>","protected":false},"excerpt":{"rendered":"<p>\u00ab\u00a0Aux camps CSA, lalala,\u2026 En vacances l\u00e0-bas, lalala,\u2026\u00a0\u00bb. Nostalgie pour beaucoup d\u2019enfants et d\u2019animateurs. Depuis [&hellip;]<\/p>\n","protected":false},"author":1,"featured_media":0,"parent":0,"menu_order":0,"comment_status":"closed","ping_status":"closed","template":"","meta":[],"_links":{"self":[{"href":"http:\/\/www.csav.be\/index.php?rest_route=\/wp\/v2\/pages\/84"}],"collection":[{"href":"http:\/\/www.csav.be\/index.php?rest_route=\/wp\/v2\/pages"}],"about":[{"href":"http:\/\/www.csav.be\/index.php?rest_route=\/wp\/v2\/types\/page"}],"author":[{"embeddable":true,"href":"http:\/\/www.csav.be\/index.php?rest_route=\/wp\/v2\/users\/1"}],"replies":[{"embeddable":true,"href":"http:\/\/www.csav.be\/index.php?rest_route=%2Fwp%2Fv2%2Fcomments&post=84"}],"version-history":[{"count":25,"href":"http:\/\/www.csav.be\/index.php?rest_route=\/wp\/v2\/pages\/84\/revisions"}],"predecessor-version":[{"id":1503,"href":"http:\/\/www.csav.be\/index.php?rest_route=\/wp\/v2\/pages\/84\/revisions\/1503"}],"wp:attachment":[{"href":"http:\/\/www.csav.be\/index.php?rest_route=%2Fwp%2Fv2%2Fmedia&parent=84"}],"curies":[{"name":"wp","href":"https:\/\/api.w.org\/{rel}","templated":true}]}}

<p><a href="http://www.csav.be/?attachment_id=787" rel="attachment wp-att-787"><img decoding="async" loading="lazy" class="wp-image-787" src="http://www.csav.be/wp-content/uploads/2018/12/074-300x225.jpg" alt="" width="223" height="167" srcset="http://www.csav.be/wp-content/uploads/2018/12/074-300x225.jpg 300w, http://www.csav.be/wp-content/uploads/2018/12/074-768x576.jpg 768w, http://www.csav.be/wp-content/uploads/2018/12/074-1024x768.jpg 1024w, http://www.csav.be/wp-content/uploads/2018/12/074.jpg 2048w" sizes="(max-width: 223px) 100vw, 223px" /></a></p>
<p>« Aux <span style="color: #ff9900;"><strong>camps CSA</strong></span>, lalala,… En vacances là-bas, lalala,… ». Nostalgie pour beaucoup d’<span style="color: #339966;"><strong>enfants</strong></span> et d’<span style="color: #3366ff;"><strong>animateurs</strong></span>.</p>
<p>Depuis plusieurs dizaines d’années maintenant, les CSA permettent à plus d’une centaine d’enfants de partir <span style="color: #993366;"><strong>à la Côte</strong> </span>ou dans les <span style="color: #339966;"><strong>Ardennes</strong></span> durant les</p>
<p><a href="http://www.csav.be/?attachment_id=786" rel="attachment wp-att-786"><img decoding="async" loading="lazy" class="wp-image-786 alignright" src="http://www.csav.be/wp-content/uploads/2018/12/072-300x225.jpg" alt="" width="192" height="144" srcset="http://www.csav.be/wp-content/uploads/2018/12/072-300x225.jpg 300w, http://www.csav.be/wp-content/uploads/2018/12/072-768x576.jpg 768w, http://www.csav.be/wp-content/uploads/2018/12/072-1024x768.jpg 1024w, http://www.csav.be/wp-content/uploads/2018/12/072.jpg 2048w" sizes="(max-width: 192px) 100vw, 192px" /></a></p>
<p>grandes vacances. Ces camps sont une réelle opportunité  pour ces enfants qui n’ont pas toujours la chance de pouvoir partir en vacances.</p>
<p>Ce sont en tout 4 camps à <span style="color: #ff9900;"><strong>Bredene</strong></span> (de 10 jours pour les plus grands ou 8 jours pour les petits) <a href="http://www.csav.be/?attachment_id=789" rel="attachment wp-att-789"><img decoding="async" loading="lazy" class=" wp-image-789 alignleft" src="http://www.csav.be/wp-content/uploads/2018/12/DSCN2407-300x225.jpg" alt="" width="216" height="162" srcset="http://www.csav.be/wp-content/uploads/2018/12/DSCN2407-300x225.jpg 300w, http://www.csav.be/wp-content/uploads/2018/12/DSCN2407.jpg 500w" sizes="(max-width: 216px) 100vw, 216px" /></a>et 1 camp à <span style="color: #3366ff;"><strong>Wavreumont</strong></span> (de 10 jours) qui sont organisés chaque année.<br />Les enfants sont encadrés par des équipes d’animation soudées et provenant de tous les horizons, les rendant encore plus fortes.</p>
<p>Les <span style="color: #339966;"><strong>2 gîtes</strong> </span>correspondent parfaitement aux besoins de nos chères têtes blondes… Réfectoires spacieux, cuisines fonctionnelles, nombreux sanitaires, espaces conviviaux et chambres équipées. De plus, les aires de jeux, plages ou bois, terrains de sport ne sont qu’à quelques pas des maisons, permettant de profiter un maximum du camp.</p>
<p>Mais <span style="color: #993366;"><strong>les activités des CSA</strong> </span>pour les enfants ne se résument pas qu’aux camps. En effet, durant la période scolaire, est organisée une école des devoirs. Celle-ci accueille une dizaine d’enfants tous les jours.<span style="color: #3366ff;"><strong> Les bénévoles</strong> </span>motivés apportent leurs aides et conseils afin d’aider ces enfants.</p>
<p>De plus, pendant les vacances, plusieurs <a href="http://www.csav.be/?page_id=1315"><span style="color: #ff9900;"><strong>stages</strong></span> </a>sont également proposés. Les activités mises sur pied sont variées et ravirons les sportifs, les aventuriers, les amis des animaux et les rêveurs…</p>
<p>Plus que jamais les <span style="color: #339966;"><strong>CSA</strong> </span>pensent aux <span style="color: #993366;"><strong>enfants</strong> </span>et font tout pour leur épanouissement !</p>
<h2 style="text-align: center;"><span style="color: #333399;">Dates de camps pour l&#8217;année 2026:</span></h2>
<h3 style="text-align: center;">Bredene (Mer):<br /> &#8211; Du 10 au 19/07/2026 : 8-10 ans<br />&#8211; Du 21 au 30/07/2026 : 10-12 ans<br />&#8211; Du 31 au 7/08/2026 : 6-9 ans</h3>
<h3 style="text-align: center;">Wavreumont (Ardennes):<br />&#8211; Du 08 au 15/08/2026 : 9-12 ans</h3>


<p class="has-text-align-center"><strong><mark style="background-color:rgba(0, 0, 0, 0)" class="has-inline-color has-vivid-cyan-blue-color">Projet pédagogique Centre de Vacances des C.S.A.</mark></strong></p>



<div class="wp-block-file"><object class="wp-block-file__embed" data="http://www.csav.be/wp-content/uploads/2023/03/Projet-daccueil-1.pdf" type="application/pdf" style="width:100%;height:600px" aria-label="Contenu embarqué Projet-daccueil-1."></object><a id="wp-block-file--media-dd70ab8a-3f72-4924-a6c7-e31b5835d47f" href="http://www.csav.be/wp-content/uploads/2023/03/Projet-daccueil-1.pdf">Projet-daccueil-1</a><a href="http://www.csav.be/wp-content/uploads/2023/03/Projet-daccueil-1.pdf" class="wp-block-file__button wp-element-button" download aria-describedby="wp-block-file--media-dd70ab8a-3f72-4924-a6c7-e31b5835d47f">Télécharger</a></div>


<ul>
<li><a href="http://www.csav.be/wp-content/uploads/2015/09/presentationcampcsabredene.pdf">Présentation des camps en PDF</a></li>
<li><a href="https://docs.google.com/a/csav.be/viewer?a=v&amp;pid=sites&amp;srcid=Y3Nhdi5iZXxjc2F8Z3g6NWY4MWEzMmJjNTcyNGQwNA" target="_blank" rel="noopener">Présentation des camps en Powerpoint</a></li>
</ul>
<h2><span style="color: #000080;">Pour les animateurs et responsables</span></h2>
<ul>
<li><a href="https://sites.google.com/a/csav.be/camps/" target="_blank" rel="noopener">Cliquez ici</a></li>
</ul>
<pre>Attention : l'espace est sécurisé --&gt; pour obtenir votre mot de passe, <br>veuillez en faire la demande par mail à l'adresse suivante : <br><a href="mailto:sebastien.gregoire@csav.be" target="_blank" rel="noopener">sebastien.gregoire@csav.be</a>.</pre>
<p></p>

<p>« Aux camps CSA, lalala,… En vacances là-bas, lalala,… ». Nostalgie pour beaucoup d’enfants et d’animateurs. Depuis [&hellip;]</p>
